{"id":5296,"date":"2021-03-23T10:22:22","date_gmt":"2021-03-23T15:22:22","guid":{"rendered":"https:\/\/lebeluga.ca\/allogio\/?page_id=5296"},"modified":"2022-11-10T14:44:57","modified_gmt":"2022-11-10T19:44:57","slug":"privacy-policy-fr","status":"publish","type":"page","link":"https:\/\/le-beluga.qc.ca\/index.php\/privacy-policy-fr\/?lang=fr","title":{"rendered":"Politique de vie priv\u00e9e"},"content":{"rendered":"\t\t<div data-elementor-type=\"wp-page\" data-elementor-id=\"5296\" class=\"elementor elementor-5296 elementor-3\" data-elementor-post-type=\"page\">\n\t\t\t\t\t\t<section class=\"elementor-section elementor-top-section elementor-element elementor-element-b1d785d elementor-section-full_width elementor-section-height-default elementor-section-height-default qodef-elementor-content-no\" data-id=\"b1d785d\" data-element_type=\"section\" data-e-type=\"section\">\n\t\t\t\t\t\t<div class=\"elementor-container elementor-column-gap-default\">\n\t\t\t\t\t<div class=\"elementor-column elementor-col-100 elementor-top-column elementor-element elementor-element-295b665\" data-id=\"295b665\" data-element_type=\"column\" data-e-type=\"column\">\n\t\t\t<div class=\"elementor-widget-wrap elementor-element-populated\">\n\t\t\t\t\t\t<div class=\"elementor-element elementor-element-ca200f5 elementor--h-position-center elementor--v-position-middle elementor-arrows-position-inside elementor-pagination-position-inside elementor-widget elementor-widget-slides\" data-id=\"ca200f5\" data-element_type=\"widget\" data-e-type=\"widget\" data-settings=\"{&quot;navigation&quot;:&quot;both&quot;,&quot;autoplay&quot;:&quot;yes&quot;,&quot;pause_on_hover&quot;:&quot;yes&quot;,&quot;pause_on_interaction&quot;:&quot;yes&quot;,&quot;autoplay_speed&quot;:5000,&quot;infinite&quot;:&quot;yes&quot;,&quot;transition&quot;:&quot;slide&quot;,&quot;transition_speed&quot;:500}\" data-widget_type=\"slides.default\">\n\t\t\t\t<div class=\"elementor-widget-container\">\n\t\t\t\t\t\t\t\t\t<div class=\"elementor-swiper\">\n\t\t\t\t\t<div class=\"elementor-slides-wrapper elementor-main-swiper swiper\" role=\"region\" aria-roledescription=\"carousel\" aria-label=\"Diapositives\" dir=\"ltr\" data-animation=\"fadeInUp\">\n\t\t\t\t<div class=\"swiper-wrapper elementor-slides\">\n\t\t\t\t\t\t\t\t\t\t<div class=\"elementor-repeater-item-6d2fdf8 swiper-slide\" role=\"group\" aria-roledescription=\"slide\"><div class=\"swiper-slide-bg\" role=\"img\" aria-label=\"dan-nelson-ah-HeguOe9k-unsplash\"><\/div><div class=\"swiper-slide-inner\" ><div class=\"swiper-slide-contents\"><div class=\"elementor-slide-heading\">Vie priv\u00e9e<\/div><div class=\"elementor-slide-description\">Informations collect\u00e9es sur ce site<\/div><\/div><\/div><\/div><div class=\"elementor-repeater-item-de84503 swiper-slide\" role=\"group\" aria-roledescription=\"slide\"><div class=\"swiper-slide-bg\" role=\"img\" aria-label=\"lianhao-qu-LfaN1gswV5c-unsplash\"><\/div><div class=\"swiper-slide-inner\" ><div class=\"swiper-slide-contents\"><div class=\"elementor-slide-heading\">Mesure de protection des donn\u00e9es<\/div><div class=\"elementor-slide-description\">Comment nous prot\u00e9geons vos donn\u00e9es.<\/div><\/div><\/div><\/div>\t\t\t\t<\/div>\n\t\t\t\t\t\t\t\t\t\t\t\t\t\t\t<div class=\"elementor-swiper-button elementor-swiper-button-prev\" role=\"button\" tabindex=\"0\" aria-label=\"Diapositive pr\u00e9c\u00e9dente\">\n\t\t\t\t\t\t\t<i aria-hidden=\"true\" class=\"eicon-chevron-left\"><\/i>\t\t\t\t\t\t<\/div>\n\t\t\t\t\t\t<div class=\"elementor-swiper-button elementor-swiper-button-next\" role=\"button\" tabindex=\"0\" aria-label=\"Diapositive suivante\">\n\t\t\t\t\t\t\t<i aria-hidden=\"true\" class=\"eicon-chevron-right\"><\/i>\t\t\t\t\t\t<\/div>\n\t\t\t\t\t\t\t\t\t\t\t\t\t\t\t\t<div class=\"swiper-pagination\"><\/div>\n\t\t\t\t\t\t\t\t\t\t\t\t<\/div>\n\t\t\t\t<\/div>\n\t\t\t\t\t\t\t\t<\/div>\n\t\t\t\t<\/div>\n\t\t\t\t\t<\/div>\n\t\t<\/div>\n\t\t\t\t\t<\/div>\n\t\t<\/section>\n\t\t\t\t<section class=\"elementor-section elementor-top-section elementor-element elementor-element-7e6defb7 elementor-section-boxed elementor-section-height-default elementor-section-height-default qodef-elementor-content-no\" data-id=\"7e6defb7\" data-element_type=\"section\" data-e-type=\"section\">\n\t\t\t\t\t\t<div class=\"elementor-container elementor-column-gap-default\">\n\t\t\t\t\t<div class=\"elementor-column elementor-col-100 elementor-top-column elementor-element elementor-element-696ea77e\" data-id=\"696ea77e\" data-element_type=\"column\" data-e-type=\"column\">\n\t\t\t<div class=\"elementor-widget-wrap elementor-element-populated\">\n\t\t\t\t\t\t<div class=\"elementor-element elementor-element-20deda59 elementor-widget elementor-widget-text-editor\" data-id=\"20deda59\" data-element_type=\"widget\" data-e-type=\"widget\" data-widget_type=\"text-editor.default\">\n\t\t\t\t<div class=\"elementor-widget-container\">\n\t\t\t\t\t\t\t\t\t<h3>Vie priv\u00e9e \/ RGPD<br \/>Politique de protection de la vie priv\u00e9e (RGPD)<\/h3><p>Le \u00ab R\u00e8glement G\u00e9n\u00e9ral sur la Protection des Donn\u00e9es\u201d (RGPD) est une l\u00e9gislation sur la protection de la vie priv\u00e9e afin de mieux prot\u00e9ger les donn\u00e9es personnelles des citoyens europ\u00e9ens.<\/p><h2>Donn\u00e9es personelles conserv\u00e9es<\/h2><h3>Commentaires<\/h3><p>Lorsque les visiteurs laissent un commentaire sur le site, nous gardons effectivement les informations qui sont tap\u00e9es dans les champs du formulaires plus l&#8217;IP source du visiteur et la signature du navigateur. Ces informations sont utilis\u00e9es pour d\u00e9terminer si le commentaire est valide.<\/p><p>Une chaine unique de caract\u00e8res est cr\u00e9\u00e9e \u00e0 partir de l&#8217;adresse email pour d\u00e9terminer si l&#8217;utilisateur \u00e0 un gravatar. Vous pouvez trouver la politique de vie de priv\u00e9e de Gravatar \u00e0 l&#8217;adresse https:\/\/automattic.com\/privacy\/. Apr\u00e8s approbation du commentaire, votre image de profile sera automatiquement ajout\u00e9 et sera donc visible par tous les visiteurs.<\/p><h3>Media<\/h3><p>Si vous t\u00e9l\u00e9chargez des images sur le site web, nous vous conseillons de retirer toutes les informations de g\u00e9olocation (appel\u00e9 EXIF GPS) qui sont automatiquement ajout\u00e9es. Les visiteurs pourraient t\u00e9l\u00e9charger les photos et en extraire ces donn\u00e9es.<\/p><h3>Formulaire de contact<\/h3><h4>Cookies<\/h4><p>Les sites WordPress\/automattic utilisent des cookies pour permettre diff\u00e9rentes fonctionnalit\u00e9s du site. Pour une explication sur ce que sont les cookies, vous pouvez consulter wikipedia : https:\/\/fr.wikipedia.org\/wiki\/Cookie_(informatique)<\/p><p><br \/>Lorsque vous vous connectez la premi\u00e8re fois sur ce blog, une banni\u00e8re vous demande d\u2019accepter les cookies. Pour plus d\u2019informations sur la politique de wordpress\/automattic sur l\u2019utilisation de cookies : https:\/\/automattic.com\/cookies\/<\/p><p>Si vous laissez un commentaire, vous pouvez d\u00e9cider de sauvegarder vos donn\u00e9es de base (nom, email et site web) dans des cookies. Elles pourront \u00eatre r\u00e9utilis\u00e9es ult\u00e9rieurement pour un autre commentaire. Ces cookies seront conserv\u00e9s pour une dur\u00e9e d&#8217;un an.<\/p><p>Si vous utilisez notre page d&#8217;acc\u00e8s invit\u00e9, un cookie temporaire est automatiquement enregistr\u00e9 pour tester la fonctionnalit\u00e9 et sera d\u00e9truit automatiquement lorsque vous fermerez votre navigateur.<\/p><p>Lorsque vous vous authentifiez, plusieurs cookies seront cr\u00e9\u00e9s pour sauvegarder les informations n\u00e9cessaires \u00e0 l&#8217;utilisation de ce service. Ces cookies sont conserv\u00e9s pour une dur\u00e9e maximale de 2 jours sauf les choix de pr\u00e9sentation \u00e0 l&#8217;\u00e9cran qui peut \u00eatre conserv\u00e9 pour un an. Si vous choisissez l&#8217;option &#8220;M\u00e9moriser&#8221;, l&#8217;utilisateur et le mot de passe sont conserv\u00e9s pour 2 jours.<\/p><p><br \/>Au cas o\u00f9 vous d\u00e9sirez retirer un commentaire que vous auriez publi\u00e9, il vous suffit de nous contacter. Nous nous chargerons de l\u2019effacer dans les meilleurs d\u00e9lais.<\/p><h5>Possibilit\u00e9 de supprimer des photos sur lesquelles vous appara\u00eetriez par m\u00e9garde<\/h5><p>Dans le cadre de nos actions, nous publions \u00e9galement des photos. Nous avons pour principe de nous assurer du consentement des participants, mais si vous apparaissez par m\u00e9garde sur une photo et que vous souhaitez qu\u2019elle soit retir\u00e9e du blog, il vous suffit \u00e9galement de nous contacter. Nous nous chargerons de l\u2019effacer dans les meilleurs d\u00e9lais.<\/p><p>Pr\u00e9cautions concernant l\u2019utilisation de vos donn\u00e9es par les soci\u00e9t\u00e9s de m\u00e9dias sociaux<\/p><p>Enfin, nous attirons votre attention sur le fait que beaucoup de soci\u00e9t\u00e9s de m\u00e9dias sociaux comme LinkedIn, Twitter, Facebook et Google+ sont des entreprises am\u00e9ricaines. Elles sont n\u00e9anmoins \u00e9galement soumises au R\u00e8glement G\u00e9n\u00e9ral europ\u00e9en sur la Protection des Donn\u00e9es personnelles. Dans la pratique, elles le font via des d\u00e9clarations dans leur politique de protection de la vie priv\u00e9e et elles renvoient aux principes du \u00ab EU-US Privacy Shield \u00bb qu\u2019elles ont sign\u00e9.<\/p><h3>Contactez-nous<\/h3><p>Pour toute information compl\u00e9mentaire dans le cadre de la protection de votre vie priv\u00e9e sur ce blog, n\u2019h\u00e9sitez pas \u00e0 nous contacter : info@lebeluga.ca<\/p><p>\u00a0<\/p>\t\t\t\t\t\t\t\t<\/div>\n\t\t\t\t<\/div>\n\t\t\t\t\t<\/div>\n\t\t<\/div>\n\t\t\t\t\t<\/div>\n\t\t<\/section>\n\t\t\t\t<\/div>\n\t\t","protected":false},"excerpt":{"rendered":"<p>Vie priv\u00e9eInformations collect\u00e9es sur ce siteMesure de protection des donn\u00e9esComment nous prot\u00e9geons vos donn\u00e9es. Previous Next Vie priv\u00e9e \/ RGPD Politique de protection de la vie priv\u00e9e (RGPD) Le \u00ab R\u00e8glement G\u00e9n\u00e9ral sur la Protection des Donn\u00e9es\u201d (RGPD) est une l\u00e9gislation sur la protection de la vie priv\u00e9e afin de mieux prot\u00e9ger les donn\u00e9es personnelles [&hellip;]<\/p>\n","protected":false},"author":1,"featured_media":0,"parent":0,"menu_order":0,"comment_status":"closed","ping_status":"open","template":"","meta":{"_monsterinsights_skip_tracking":false,"_monsterinsights_sitenote_active":false,"_monsterinsights_sitenote_note":"","_monsterinsights_sitenote_category":0,"footnotes":""},"class_list":["post-5296","page","type-page","status-publish","hentry"],"_links":{"self":[{"href":"https:\/\/le-beluga.qc.ca\/index.php\/wp-json\/wp\/v2\/pages\/5296","targetHints":{"allow":["GET"]}}],"collection":[{"href":"https:\/\/le-beluga.qc.ca\/index.php\/wp-json\/wp\/v2\/pages"}],"about":[{"href":"https:\/\/le-beluga.qc.ca\/index.php\/wp-json\/wp\/v2\/types\/page"}],"author":[{"embeddable":true,"href":"https:\/\/le-beluga.qc.ca\/index.php\/wp-json\/wp\/v2\/users\/1"}],"replies":[{"embeddable":true,"href":"https:\/\/le-beluga.qc.ca\/index.php\/wp-json\/wp\/v2\/comments?post=5296"}],"version-history":[{"count":12,"href":"https:\/\/le-beluga.qc.ca\/index.php\/wp-json\/wp\/v2\/pages\/5296\/revisions"}],"predecessor-version":[{"id":7805,"href":"https:\/\/le-beluga.qc.ca\/index.php\/wp-json\/wp\/v2\/pages\/5296\/revisions\/7805"}],"wp:attachment":[{"href":"https:\/\/le-beluga.qc.ca\/index.php\/wp-json\/wp\/v2\/media?parent=5296"}],"curies":[{"name":"wp","href":"https:\/\/api.w.org\/{rel}","templated":true}]}}